1, what is 2 + -16a97a?
-16a978
In base 2, what is 11 - 11000100010010?
-11000100001111
In base 14, what is -76382 + 7?
-76379
In base 10, what is -3 + 408272?
408269
In base 14, what is 15192 - d?
15183
In base 7, what is 35465 - 34?
35431
In base 10, what is -1314 - 1084?
-2398
In base 9, what is 2 - -5571?
5573
In base 2, what is -1000100101011 - -111110?
-1000011101101
In base 9, what is 4 - -28801?
28805
In base 5, what is 242104324 + -1?
242104323
In base 12, what is -168b1 + 1?
-168b0
In base 16, what is -1891 + -4?
-1895
In base 14, what is 0 - b61a?
-b61a
In base 9, what is -127448 + 3?
-127445
In base 4, what is -10 + -113020210?
-113020220
In base 12, what is 11a68 + -6?
11a62
In base 4, what is -1322221 + -122?
-1323003
In base 12, what is 8213 + 3b?
8252
In base 15, what is -7c7 + -6e?
-846
In base 12, what is -3 - 12892?
-12895
In base 6, what is -424010 - -131?
-423435
In base 6, what is -4402 - -14305?
5503
In base 6, what is -22 - -1235225?
1235203
In base 2, what is -100 - -1000101000100100110?
1000101000100100010
In base 7, what is -2 + 61033?
61031
In base 10, what is -900 - 24?
-924
In base 6, what is -21033 + -4?
-21041
In base 4, what is -13010 - 1001102?
-1020112
In base 15, what is 88bdd - -e?
88bec
In base 6, what is -30 + 4422?
4352
In base 10, what is -16175 - 0?
-16175
In base 10, what is 354 - -127?
481
In base 3, what is 1020 + -101211202?
-101210112
In base 13, what is 35709 - -3?
3570c
In base 6, what is -114115 - 3?
-114122
In base 2, what is 101 - -1010111110110?
1010111111011
In base 4, what is -10020 + -1221?
-11301
In base 3, what is 2122211121 - 2?
2122211112
In base 16, what is 23e + -44?
1fa
In base 11, what is 30292 - -3?
30295
In base 15, what is 1 + 1988c?
1988d
In base 16, what is 111 - 3b?
d6
In base 16, what is 0 + f2f8?
f2f8
In base 12, what is -84b4 + -78?
-8570
In base 2, what is -11101101110 - 10?
-11101110000
In base 9, what is -2 + 442822?
442820
In base 15, what is -3 - 56a?
-56d
In base 4, what is 0 + -23323203?
-23323203
In base 11, what is 20a - 23a4?
-2195
In base 6, what is -52 + 13100?
13004
In base 8, what is -113 - -42320?
42205
In base 12, what is 4 + -130a?
-1306
In base 9, what is 0 - -2083517?
2083517
In base 7, what is -2313 - 25?
-2341
In base 8, what is -534 + 457?
-55
In base 13, what is 93699 + 0?
93699
In base 11, what is -11036 + -2?
-11038
In base 6, what is 133553 + -130?
133423
In base 14, what is -1a99 + -10b?
-1ba6
In base 9, what is -2270 + 105?
-2164
In base 13, what is 190b - -1a2?
1ab0
In base 13, what is 63 + -3a?
26
In base 8, what is -5 - 713124?
-713131
In base 5, what is -2021303 + -110?
-2021413
In base 8, what is -5 + 7200?
7173
In base 15, what is -1883 + a4?
-17ce
In base 7, what is -126 + -22021?
-22150
In base 6, what is 145043 - 20?
145023
In base 8, what is 202651 - 1?
202650
In base 11, what is -7aa + -6a?
-869
In base 8, what is 1050 + 1434?
2504
In base 10, what is -7312 + -110?
-7422
In base 6, what is -1122544 + -1?
-1122545
In base 11, what is -33a16 - 1?
-33a17
In base 11, what is -23 + 20408?
20395
In base 5, what is -14 - 243414?
-243433
In base 11, what is -1 + 2820?
281a
In base 11, what is 323 - 3361?
-3039
In base 16, what is 6cdcc + -2?
6cdca
In base 11, what is -202363 - 0?
-202363
In base 10, what is 33 - 7934?
-7901
In base 11, what is 3904 - -3?
3907
In base 16, what is 48 - 90c?
-8c4
In base 7, what is 202 - 120?
52
In base 12, what is 4 + 17608?
17610
In base 13, what is 1b95 + 5?
1b9a
In base 7, what is -110145 - -5?
-110140
In base 8, what is 433 - -1265?
1720
In base 12, what is -42 + -5420?
-5462
In base 5, what is 31 - -3034333?
3034414
In base 9, what is -4104 + -1508?
-5613
In base 11, what is -4 + -3685?
-3689
In base 15, what is 2061 + 3?
2064
In base 9, what is 548235 - -3?
548238
In base 6, what is 124 - -12224?
12352
In base 12, what is 2 - -390b?
3911
In base 14, what is -253b + -2?
-253d
In base 5, what is -2440214 - -10?
-2440204
In base 11, what is 19508 - 7?
19501
In base 9, what is -626 - -1607?
871
In base 7, what is -121 + 13030?
12606
In base 15, what is -1042 - 0?
-1042
In base 10, what is 25662 - 5?
25657
In base 14, what is 215c + -3?
2159
In base 11, what is 42 - -316a?
3201
In base 3, what is -21102021 + 1001201?
-20100120
In base 2, what is -100001101011111011 - -100?
-100001101011110111
In base 3, what is -11022 + 12211?
1112
In base 7, what is 14035 + -533?
13202
In base 7, what is 11665321 - 2?
11665316
In base 5, what is 31200 + 431?
32131
In base 6, what is 5540 - -3135?
13115
In base 3, what is 1 + -100220000?
-100212222
In base 4, what is 1023 + 1?
1030
In base 9, what is 2 - 62436?
-62434
In base 2, what is 100 - 11011000001010100?
-11011000001010000
In base 16, what is -62d70 + 3?
-62d6d
In base 8, what is 24 + 6505?
6531
In base 15, what is 443 - -1135?
1578
In base 3, what is -122 - -10102221100?
10102220201
In base 10, what is -184 - 234?
-418
In base 11, what is 1041 + -166?
986
In base 16, what is 11de + -9?
11d5
In base 5, what is 21031313 - 4?
21031304
In base 11, what is a - 42321?
-42312
In base 4, what is -130220 - -10032?
-120122
In base 13, what is 4 - 11a8?
-11a4
In base 15, what is -246 - 491?
-6d7
In base 7, what is 12261 + -4?
12254
In base 12, what is 3 + b755?
b758
In base 7, what is 163 + -10514?
-10321
In base 7, what is -1 + 12163424?
12163423
In base 12, what is -14129 + -2?
-1412b
In base 3, what is -22000220020 - -1?
-22000220012
In base 8, what is -3010642 + -4?
-3010646
In base 15, what is -268 - 1cec?
-2065
In base 7, what is -32034 - 154?
-32221
In base 13, what is -1810 - 15?
-1825
In base 4, what is 11 - 123331013?
-123331002
In base 2, what is -11101110 - -10001010100001?
10000110110011
In base 10, what is 416 - -92?
508
In base 12, what is -9 + -4592?
-459b
In base 11, what is -194464 + 1?
-194463
In base 11, what is -3 + -10a4a?
-10a52
In base 12, what is 98 - 4a?
4a
In base 8, what is -47 - 2336?
-2405
In base 3, what is -12 - -112002210022?
112002210010
In base 2, what is 10110010 - 100000111111110?
-100000101001100
In base 12, what is -9 + 759a?
7591
In base 9, what is 33785 + 5?
33801
In base 15, what is -55d + 30?
-52d
In base 11, what is 24a + 2?
251
In base 2, what is -11100000 + -1011001001?
-1110101001
In base 5, what is -11120 - -203?
-10412
In base 16, what is 128a0 + -16?
1288a
In base 5, what is 114 - -1041423?
1042042
In base 16, what is 8a + b2?
13c
In base 4, what is -10 + -1211010?
-1211020
In base 6, what is 224 - 1200?
-532
In base 11, what is -14a + 833?
694
In base 11, what is 52 + 1524?
1576
In base 7, what is -46 + -1050?
-1126
In base 13, what is -2 + bc1?
bbc
In base 12, what is a2b16 - -4?
a2b1a
In base 2, what is 1000000110100 + 1?
1000000110101
In base 14, what is 575 + 15?
58a
In base 9, what is 18285 - -3?
18288
In base 13, what is -2 - -1480?
147b
In base 4, what is -103 - 113130?
-113233
In base 3, what is -102021 - 200210001?
-201012022
In base 9, what is -10 - 20240?
-20250
In base 12, what is 3 + 21044?
21047
In base 2, what is -110111110010101001100 + -11?
-110111110010101001111
In base 6, what is -1041303 + 4?
-1041255
In base 3, what is 102201 - 10101011?
-2221110
In base 12, what is -2 - -995?
993
In base 13, what is -212 + -21a?
-42c
In base 12, what is -b - 13466?
-13475
In base 13, what is -3101 - -6?
-30c8
In base 7, what is -2003 - 44524?
-46530
In base 10, what is -127 + -52?
-179
In base 12, what is 5 - -48113?
48118
In base 12, what is 3a - 1439?
-13bb
In base 11, what is 255 - 9881?
-9627
In base 12, what is -202 - -b0?
-112
In base 6, what is 11 - -113410?
113421
In base 5, what is -124 - 4314?
-4443
In base 10, what is -580296 - -4?
-580292
In base 5, what is -4032 + 224?
-3303
In base 15, what is -4c + 3c5?
378
In base 16, what is 2055 + 9?
205e
In base 9, what is 25 + 46760?
46785
In base 2, what is -100 + 1010000110101?
1010000110001
In base 2, what is -10000 + -1010000101000?
-1010000111000
In base 15, what is 5932 - 2?
5930
In base 15, what is -13439 + 15?
-13424
In base 7, what is -106 - -61601?
61462
In base 6, what is -10 + -54541?
-54551
In base 13, what is 2 - 238c73?
-238c71
In base 10, what is 1759 - -424?
2183
In base 13, what is -11 - 29156?
-29167
In base 11, what is 436 - -798?
1123
In base 11